{"id":1923,"date":"2023-06-19T14:03:07","date_gmt":"2023-06-19T18:03:07","guid":{"rendered":"https:\/\/rjmusa.wpengine.com\/?page_id=1923"},"modified":"2023-06-19T14:22:57","modified_gmt":"2023-06-19T18:22:57","slug":"our-priorities","status":"publish","type":"page","link":"https:\/\/rjmusa.org\/es\/nuestras-prioridades\/","title":{"rendered":"Nuestras prioridades"},"content":{"rendered":"<div class=\"wp-block-media-text alignwide is-stacked-on-mobile\"><figure class=\"wp-block-media-text__media\"><a href=\"https:\/\/rjmusa.org\/es\/category\/our-priorities\/incarnating-forgiveness-reconciliation-and-healing-en\/\"><img loading=\"lazy\" decoding=\"async\" width=\"1024\" height=\"841\" src=\"https:\/\/rjmusa.org\/wp-content\/uploads\/2017\/01\/forgiveness-1024x841.jpg\" alt=\"perd\u00f3n\" class=\"wp-image-29 size-full\" srcset=\"https:\/\/rjmusa.org\/wp-content\/uploads\/2017\/01\/forgiveness-1024x841.jpg 1024w, https:\/\/rjmusa.org\/wp-content\/uploads\/2017\/01\/forgiveness-300x246.jpg 300w, https:\/\/rjmusa.org\/wp-content\/uploads\/2017\/01\/forgiveness-768x631.jpg 768w, https:\/\/rjmusa.org\/wp-content\/uploads\/2017\/01\/forgiveness-1536x1261.jpg 1536w, https:\/\/rjmusa.org\/wp-content\/uploads\/2017\/01\/forgiveness-1200x985.jpg 1200w, https:\/\/rjmusa.org\/wp-content\/uploads\/2017\/01\/forgiveness-1400x1150.jpg 1400w, https:\/\/rjmusa.org\/wp-content\/uploads\/2017\/01\/forgiveness.jpg 1554w\" sizes=\"auto, (max-width: 1024px) 100vw, 1024px\" \/><\/a><\/figure><div class=\"wp-block-media-text__content\">\n<h2 class=\"wp-block-heading has-large-font-size\"><a href=\"https:\/\/rjmusa.org\/es\/category\/our-priorities\/incarnating-forgiveness-reconciliation-and-healing-en\/\" data-type=\"URL\" data-id=\"https:\/\/rjmusa.org\/category\/our-priorities\/incarnating-forgiveness-reconciliation-and-healing-en\/\">Encarnando el perd\u00f3n, la reconciliaci\u00f3n y la curaci\u00f3n<\/a><\/h2>\n\n\n\n<p>El perd\u00f3n est\u00e1 en el centro de la bondad misericordiosa de Dios y en el centro de la experiencia fundacional de Claudina. El perd\u00f3n es verdaderamente una caracter\u00edstica esencial de su gracia carism\u00e1tica. Sin embargo, es una gracia que se recibe s\u00f3lo al final de un largo camino interior, un camino a trav\u00e9s del dolor y la oscuridad. Oramos para entrar en la experiencia de Claudina del amoroso perd\u00f3n de Dios.<\/p>\n<\/div><\/div>\n\n\n\n<div class=\"wp-block-media-text alignwide has-media-on-the-right is-stacked-on-mobile\"><div class=\"wp-block-media-text__content\">\n<h2 class=\"wp-block-heading has-large-font-size\"><a href=\"https:\/\/rjmusa.org\/es\/category\/our-priorities\/looking-on-our-world-with-the-eyes-of-claudine-and-responding-to-its-miseries-en\/\" data-type=\"URL\" data-id=\"https:\/\/rjmusa.org\/category\/our-priorities\/looking-on-our-world-with-the-eyes-of-claudine-and-responding-to-its-miseries-en\/\">Mirar nuestro mundo con los ojos de Claudine y responder a sus miserias<\/a><\/h2>\n\n\n\n<p>Mirando nuestro mundo con los ojos de Claudina, conmovidos como ella por el sufrimiento que la rodea, rogamos la gracia de ser movidos a la COMPASI\u00d3N y a la ACCI\u00d3N como ella. Estamos invitados a explorar las profundidades de esa compasi\u00f3n en nosotros mismos.<\/p>\n<\/div><figure class=\"wp-block-media-text__media\"><a href=\"https:\/\/rjmusa.org\/es\/category\/our-priorities\/looking-on-our-world-with-the-eyes-of-claudine-and-responding-to-its-miseries-en\/\"><img loading=\"lazy\" decoding=\"async\" width=\"1024\" height=\"747\" src=\"https:\/\/rjmusa.org\/wp-content\/uploads\/2017\/01\/new-eyes-1024x747.jpg\" alt=\"ojos nuevos\" class=\"wp-image-31 size-full\" srcset=\"https:\/\/rjmusa.org\/wp-content\/uploads\/2017\/01\/new-eyes-1024x747.jpg 1024w, https:\/\/rjmusa.org\/wp-content\/uploads\/2017\/01\/new-eyes-300x219.jpg 300w, https:\/\/rjmusa.org\/wp-content\/uploads\/2017\/01\/new-eyes-768x561.jpg 768w, https:\/\/rjmusa.org\/wp-content\/uploads\/2017\/01\/new-eyes-1536x1121.jpg 1536w, https:\/\/rjmusa.org\/wp-content\/uploads\/2017\/01\/new-eyes-1200x876.jpg 1200w, https:\/\/rjmusa.org\/wp-content\/uploads\/2017\/01\/new-eyes-1400x1022.jpg 1400w, https:\/\/rjmusa.org\/wp-content\/uploads\/2017\/01\/new-eyes.jpg 1570w\" sizes=\"auto, (max-width: 1024px) 100vw, 1024px\" \/><\/a><\/figure><\/div>\n\n\n\n<div class=\"wp-block-media-text alignwide is-stacked-on-mobile\"><figure class=\"wp-block-media-text__media\"><a href=\"https:\/\/rjmusa.org\/es\/category\/our-priorities\/living-a-life-committed-to-justice-peace-and-the-integrity-of-creation-en\/\"><img loading=\"lazy\" decoding=\"async\" width=\"1024\" height=\"973\" src=\"https:\/\/rjmusa.org\/wp-content\/uploads\/2017\/01\/jpic-1024x973.jpg\" alt=\"jpic\" class=\"wp-image-33 size-full\" srcset=\"https:\/\/rjmusa.org\/wp-content\/uploads\/2017\/01\/jpic-1024x973.jpg 1024w, https:\/\/rjmusa.org\/wp-content\/uploads\/2017\/01\/jpic-300x285.jpg 300w, https:\/\/rjmusa.org\/wp-content\/uploads\/2017\/01\/jpic-768x730.jpg 768w, https:\/\/rjmusa.org\/wp-content\/uploads\/2017\/01\/jpic-1200x1140.jpg 1200w, https:\/\/rjmusa.org\/wp-content\/uploads\/2017\/01\/jpic-1400x1330.jpg 1400w, https:\/\/rjmusa.org\/wp-content\/uploads\/2017\/01\/jpic.jpg 1482w\" sizes=\"auto, (max-width: 1024px) 100vw, 1024px\" \/><\/a><\/figure><div class=\"wp-block-media-text__content\">\n<h2 class=\"wp-block-heading has-large-font-size\"><a href=\"https:\/\/rjmusa.org\/es\/category\/our-priorities\/living-a-life-committed-to-justice-peace-and-the-integrity-of-creation-en\/\" data-type=\"URL\" data-id=\"https:\/\/rjmusa.org\/category\/our-priorities\/living-a-life-committed-to-justice-peace-and-the-integrity-of-creation-en\/\">Vivir una vida comprometida con la Justicia, la Paz y la Integridad de la Creaci\u00f3n<\/a><\/h2>\n\n\n\n<p>La dimensi\u00f3n PERSONAL de esta tercera prioridad nos llama a orar y profundizar la PAZ INTERIOR. Sabemos que la paz interior es un requisito para convertirnos en PACIFICADORES, profetas de paz. La paz ofrecida como regalo de Jes\u00fas \u2013 \u201cno como la que el mundo la da\u201d \u2013 es a la vez quieta y din\u00e1mica. Es como el equilibrio del ciclista: estable en movimiento, pero no est\u00e1tico. La persona que tiene paz interior est\u00e1 arraigada en un centro tranquilo y puede enfrentar las tormentas de la vida sin perder esa paz en un nivel profundo. Esto no significa que la vida estar\u00e1 libre de dificultades o problemas que perturben. Con Dios en el centro de todo, uno aprende que para encontrar la paz primero es necesario buscar y encontrar a Dios. . .<\/p>\n<\/div><\/div>","protected":false},"excerpt":{"rendered":"<p>Encarnar el perd\u00f3n, la reconciliaci\u00f3n y la curaci\u00f3n El perd\u00f3n est\u00e1 en el centro de la bondad misericordiosa de Dios y en el coraz\u00f3n de la experiencia fundacional de Claudina. El perd\u00f3n es verdaderamente una caracter\u00edstica esencial de su gracia carism\u00e1tica. Sin embargo, es una gracia que se recibe s\u00f3lo al final de un largo camino interior, un camino a trav\u00e9s del dolor y la oscuridad. Oramos\u2026<\/p>","protected":false},"author":6,"featured_media":0,"parent":0,"menu_order":0,"comment_status":"closed","ping_status":"closed","template":"","meta":{"_kad_blocks_custom_css":"","_kad_blocks_head_custom_js":"","_kad_blocks_body_custom_js":"","_kad_blocks_footer_custom_js":"","_kad_post_transparent":"","_kad_post_title":"","_kad_post_layout":"","_kad_post_sidebar_id":"","_kad_post_content_style":"","_kad_post_vertical_padding":"","_kad_post_feature":"","_kad_post_feature_position":"","_kad_post_header":false,"_kad_post_footer":false,"footnotes":""},"section":[],"class_list":["post-1923","page","type-page","status-publish","hentry"],"acf":[],"taxonomy_info":[],"featured_image_src_large":false,"author_info":{"display_name":"Ben Zumdahl","author_link":"https:\/\/rjmusa.org\/es\/author\/benfiatinsight-com\/"},"comment_info":0,"_links":{"self":[{"href":"https:\/\/rjmusa.org\/es\/wp-json\/wp\/v2\/pages\/1923","targetHints":{"allow":["GET"]}}],"collection":[{"href":"https:\/\/rjmusa.org\/es\/wp-json\/wp\/v2\/pages"}],"about":[{"href":"https:\/\/rjmusa.org\/es\/wp-json\/wp\/v2\/types\/page"}],"author":[{"embeddable":true,"href":"https:\/\/rjmusa.org\/es\/wp-json\/wp\/v2\/users\/6"}],"replies":[{"embeddable":true,"href":"https:\/\/rjmusa.org\/es\/wp-json\/wp\/v2\/comments?post=1923"}],"version-history":[{"count":0,"href":"https:\/\/rjmusa.org\/es\/wp-json\/wp\/v2\/pages\/1923\/revisions"}],"wp:attachment":[{"href":"https:\/\/rjmusa.org\/es\/wp-json\/wp\/v2\/media?parent=1923"}],"wp:term":[{"taxonomy":"section","embeddable":true,"href":"https:\/\/rjmusa.org\/es\/wp-json\/wp\/v2\/section?post=1923"}],"curies":[{"name":"wp","href":"https:\/\/api.w.org\/{rel}","templated":true}]}}

<div class="wp-block-media-text alignwide is-stacked-on-mobile"><figure class="wp-block-media-text__media"><a href="https://rjmusa.org/es/category/our-priorities/incarnating-forgiveness-reconciliation-and-healing-en/"><img loading="lazy" decoding="async" width="1024" height="841" src="https://rjmusa.org/wp-content/uploads/2017/01/forgiveness-1024x841.jpg" alt="perdón" class="wp-image-29 size-full" srcset="https://rjmusa.org/wp-content/uploads/2017/01/forgiveness-1024x841.jpg 1024w, https://rjmusa.org/wp-content/uploads/2017/01/forgiveness-300x246.jpg 300w, https://rjmusa.org/wp-content/uploads/2017/01/forgiveness-768x631.jpg 768w, https://rjmusa.org/wp-content/uploads/2017/01/forgiveness-1536x1261.jpg 1536w, https://rjmusa.org/wp-content/uploads/2017/01/forgiveness-1200x985.jpg 1200w, https://rjmusa.org/wp-content/uploads/2017/01/forgiveness-1400x1150.jpg 1400w, https://rjmusa.org/wp-content/uploads/2017/01/forgiveness.jpg 1554w" sizes="auto, (max-width: 1024px) 100vw, 1024px" /></a></figure><div class="wp-block-media-text__content">
<h2 class="wp-block-heading has-large-font-size"><a href="https://rjmusa.org/es/category/our-priorities/incarnating-forgiveness-reconciliation-and-healing-en/" data-type="URL" data-id="https://rjmusa.org/category/our-priorities/incarnating-forgiveness-reconciliation-and-healing-en/">Encarnando el perdón, la reconciliación y la curación</a></h2>



<p>El perdón está en el centro de la bondad misericordiosa de Dios y en el centro de la experiencia fundacional de Claudina. El perdón es verdaderamente una característica esencial de su gracia carismática. Sin embargo, es una gracia que se recibe sólo al final de un largo camino interior, un camino a través del dolor y la oscuridad. Oramos para entrar en la experiencia de Claudina del amoroso perdón de Dios.</p>
</div></div>



<div class="wp-block-media-text alignwide has-media-on-the-right is-stacked-on-mobile"><div class="wp-block-media-text__content">
<h2 class="wp-block-heading has-large-font-size"><a href="https://rjmusa.org/es/category/our-priorities/looking-on-our-world-with-the-eyes-of-claudine-and-responding-to-its-miseries-en/" data-type="URL" data-id="https://rjmusa.org/category/our-priorities/looking-on-our-world-with-the-eyes-of-claudine-and-responding-to-its-miseries-en/">Mirar nuestro mundo con los ojos de Claudine y responder a sus miserias</a></h2>



<p>Mirando nuestro mundo con los ojos de Claudina, conmovidos como ella por el sufrimiento que la rodea, rogamos la gracia de ser movidos a la COMPASIÓN y a la ACCIÓN como ella. Estamos invitados a explorar las profundidades de esa compasión en nosotros mismos.</p>
</div><figure class="wp-block-media-text__media"><a href="https://rjmusa.org/es/category/our-priorities/looking-on-our-world-with-the-eyes-of-claudine-and-responding-to-its-miseries-en/"><img loading="lazy" decoding="async" width="1024" height="747" src="https://rjmusa.org/wp-content/uploads/2017/01/new-eyes-1024x747.jpg" alt="ojos nuevos" class="wp-image-31 size-full" srcset="https://rjmusa.org/wp-content/uploads/2017/01/new-eyes-1024x747.jpg 1024w, https://rjmusa.org/wp-content/uploads/2017/01/new-eyes-300x219.jpg 300w, https://rjmusa.org/wp-content/uploads/2017/01/new-eyes-768x561.jpg 768w, https://rjmusa.org/wp-content/uploads/2017/01/new-eyes-1536x1121.jpg 1536w, https://rjmusa.org/wp-content/uploads/2017/01/new-eyes-1200x876.jpg 1200w, https://rjmusa.org/wp-content/uploads/2017/01/new-eyes-1400x1022.jpg 1400w, https://rjmusa.org/wp-content/uploads/2017/01/new-eyes.jpg 1570w" sizes="auto, (max-width: 1024px) 100vw, 1024px" /></a></figure></div>



<div class="wp-block-media-text alignwide is-stacked-on-mobile"><figure class="wp-block-media-text__media"><a href="https://rjmusa.org/es/category/our-priorities/living-a-life-committed-to-justice-peace-and-the-integrity-of-creation-en/"><img loading="lazy" decoding="async" width="1024" height="973" src="https://rjmusa.org/wp-content/uploads/2017/01/jpic-1024x973.jpg" alt="jpic" class="wp-image-33 size-full" srcset="https://rjmusa.org/wp-content/uploads/2017/01/jpic-1024x973.jpg 1024w, https://rjmusa.org/wp-content/uploads/2017/01/jpic-300x285.jpg 300w, https://rjmusa.org/wp-content/uploads/2017/01/jpic-768x730.jpg 768w, https://rjmusa.org/wp-content/uploads/2017/01/jpic-1200x1140.jpg 1200w, https://rjmusa.org/wp-content/uploads/2017/01/jpic-1400x1330.jpg 1400w, https://rjmusa.org/wp-content/uploads/2017/01/jpic.jpg 1482w" sizes="auto, (max-width: 1024px) 100vw, 1024px" /></a></figure><div class="wp-block-media-text__content">
<h2 class="wp-block-heading has-large-font-size"><a href="https://rjmusa.org/es/category/our-priorities/living-a-life-committed-to-justice-peace-and-the-integrity-of-creation-en/" data-type="URL" data-id="https://rjmusa.org/category/our-priorities/living-a-life-committed-to-justice-peace-and-the-integrity-of-creation-en/">Vivir una vida comprometida con la Justicia, la Paz y la Integridad de la Creación</a></h2>



<p>La dimensión PERSONAL de esta tercera prioridad nos llama a orar y profundizar la PAZ INTERIOR. Sabemos que la paz interior es un requisito para convertirnos en PACIFICADORES, profetas de paz. La paz ofrecida como regalo de Jesús – “no como la que el mundo la da” – es a la vez quieta y dinámica. Es como el equilibrio del ciclista: estable en movimiento, pero no estático. La persona que tiene paz interior está arraigada en un centro tranquilo y puede enfrentar las tormentas de la vida sin perder esa paz en un nivel profundo. Esto no significa que la vida estará libre de dificultades o problemas que perturben. Con Dios en el centro de todo, uno aprende que para encontrar la paz primero es necesario buscar y encontrar a Dios. . .</p>
</div></div>

<p>Encarnar el perdón, la reconciliación y la curación El perdón está en el centro de la bondad misericordiosa de Dios y en el corazón de la experiencia fundacional de Claudina. El perdón es verdaderamente una característica esencial de su gracia carismática. Sin embargo, es una gracia que se recibe sólo al final de un largo camino interior, un camino a través del dolor y la oscuridad. Oramos…</p>
